ide 487268?
False
Is 80 a factor of 1901316?
False
Does 65 divide 313803?
False
Does 35 divide 318255?
True
Is 1134406 a multiple of 322?
True
Does 106 divide 773879?
False
Does 409 divide 15631571?
True
Does 35 divide 1834482?
False
Is 719 a factor of 1464023?
False
Is 16 a factor of 1890512?
True
Is 1592630 a multiple of 7?
False
Is 15 a factor of 69330?
True
Does 15 divide 29022?
False
Is 978504 a multiple of 83?
False
Is 112545 a multiple of 123?
True
Does 357 divide 19635?
True
Is 130435 a multiple of 47?
False
Is 32 a factor of 555040?
True
Is 38 a factor of 1585246?
True
Is 9746911 a multiple of 13?
False
Does 10 divide 1927220?
True
Is 16 a factor of 19472992?
True
Is 23072 a multiple of 8?
True
Is 87 a factor of 144730?
False
Is 214 a factor of 4425893?
False
Is 2527490 a multiple of 7?
True
Is 111332 a multiple of 26?
True
Is 714614 a multiple of 206?
True
Is 128928 a multiple of 51?
True
Does 29 divide 2199302?
True
Does 92 divide 161973?
False
Is 9 a factor of 3885255?
True
Is 65432 a multiple of 306?
False
Does 84 divide 602028?
True
Is 148 a factor of 8351492?
True
Is 25 a factor of 32950?
True
Is 7476 a multiple of 12?
True
Does 21 divide 45078?
False
Does 165 divide 979479?
False
Does 32 divide 9654752?
True
Is 112 a factor of 672896?
True
Is 279 a factor of 10044?
True
Is 1258554 a multiple of 33?
True
Is 627466 a multiple of 6?
False
Does 8 divide 227532?
False
Does 19 divide 1309766?
False
Does 315 divide 278317?
False
Is 71 a factor of 25560?
True
Does 133 divide 758632?
True
Is 7 a factor of 1363299?
True
Does 6 divide 246828?
True
Is 17 a factor of 229701?
False
Is 66 a factor of 6280164?
True
Does 23 divide 529598?
True
Is 481382 a multiple of 22?
True
Is 91 a factor of 4839339?
False
Is 379544 a multiple of 209?
True
Is 65200 a multiple of 16?
True
Is 441 a factor of 3023341?
False
Is 1022908 a multiple of 741?
False
Is 133620 a multiple of 655?
True
Is 67192 a multiple of 3?
False
Is 12125152 a multiple of 331?
False
Does 38 divide 16378?
True
Does 8 divide 78454?
False
Is 7 a factor of 196247?
False
Does 420 divide 474575?
False
Is 84281 a multiple of 311?
True
Is 6608940 a multiple of 229?
True
Does 18 divide 11161?
False
Does 14 divide 306446?
True
Is 7 a factor of 103348?
True
Does 33 divide 623894?
False
Is 447 a factor of 470244?
True
Is 2233011 a multiple of 21?
False
Is 1113228 a multiple of 153?
True
Is 3621791 a multiple of 577?
False
Is 26 a factor of 637832?
True
Does 122 divide 62220?
True
Does 420 divide 1272457?
False
Does 157 divide 4190133?
False
Is 2 a factor of 21967?
False
Is 78 a factor of 653684?
False
Is 13 a factor of 305487?
True
Does 12 divide 958833?
False
Is 584012 a multiple of 22?
True
Does 9 divide 16344594?
True
Is 600832 a multiple of 128?
True
Is 290 a factor of 6960?
True
Is 3181113 a multiple of 20?
False
Is 211 a factor of 1028836?
True
Is 5082577 a multiple of 98?
False
Does 9 divide 76977?
True
Is 560232 a multiple of 36?
True
Is 1531896 a multiple of 12?
True
Is 1138396 a multiple of 887?
False
Is 802 a factor of 429849?
False
Does 362 divide 1465734?
False
Does 85 divide 282030?
True
Is 38 a factor of 18258?
False
Is 2098779 a multiple of 508?
False
Does 404 divide 816288?
False
Does 21 divide 1046570?
False
Is 168264 a multiple of 320?
False
Does 79 divide 1621554?
True
Is 8 a factor of 2847475?
False
Does 55 divide 299365?
True
Is 41 a factor of 359598?
False
Is 4 a factor of 123297?
False
Is 64 a factor of 3784307?
False
Is 8487520 a multiple of 8?
True
Is 3186003 a multiple of 616?
False
Is 610148 a multiple of 98?
True
Is 1824961 a multiple of 131?
True
Does 54 divide 268470?
False
Is 94 a factor of 1217898?
False
Does 11 divide 313225?
True
Is 16291 a multiple of 8?
False
Does 239 divide 3050835?
True
Is 38 a factor of 12303006?
False
Is 1445562 a multiple of 1161?
False
Is 1807847 a multiple of 3?
False
Is 18 a factor of 24588?
True
Is 2 a factor of 6563?
False
Does 233 divide 11784237?
False
Is 239031 a multiple of 9?
True
Does 6 divide 472392?
True
Is 122787 a multiple of 254?
False
Is 794 a factor of 7548558?
True
Is 223870 a multiple of 35?
False
Is 21 a factor of 985661?
False
Does 191 divide 1142363?
False
Is 133 a factor of 13902598?
False
Is 12 a factor of 4894?
False
Does 14 divide 442516?
False
Is 255 a factor of 77775?
True
Does 4 divide 10781?
False
Does 9 divide 1311745?
False
Does 30 divide 52676?
False
Is 16 a factor of 6817616?
True
Does 788 divide 878620?
True
Is 68443 a multiple of 20?
False
Is 30 a factor of 22430564?
False
Does 27 divide 176553?
True
Does 113 divide 361600?
True
Is 337591 a multiple of 179?
False
Is 236532 a multiple of 46?
True
Does 13 divide 91441?
False
Does 82 divide 85690?
True
Is 29 a factor of 77111?
True
Is 97 a factor of 3670082?
False
Is 60092 a multiple of 181?
True
Is 25 a factor of 24844?
False
Is 85427 a multiple of 37?
False
Is 188 a factor of 796288?
False
Does 89 divide 502602?
False
Does 19 divide 10767675?
False
Is 52896 a multiple of 87?
True
Is 348260 a multiple of 13?
False
Is 12 a factor of 196956?
True
Is 298 a factor of 15341040?
True
Is 32602 a multiple of 176?
False
Is 104760 a multiple of 20?
True
Is 335 a factor of 1380870?
True
Is 607762 a multiple of 390?
False
Is 8246874 a multiple of 91?
False
Is 16 a factor of 329419?
False
Is 169684 a multiple of 6?
False
Is 4196755 a multiple of 98?
False
Is 8 a factor of 4251302?
False
Is 324220 a multiple of 20?
True
Does 92 divide 82124?
False
Is 405160 a multiple of 20?
True
Is 3563423 even?
False
Is 6122772 a multiple of 4?
True
Is 22 a factor of 4419786?
False
Does 68 divide 103998?
False
Is 787872 a multiple of 566?
True
Is 110895 a multiple of 26?
False
Is 8 a factor of 3314640?
True
Is 117269 a multiple of 35?
False
Does 28 divide 989380?
True
Is 100012 a multiple of 9?
False
Is 1673 a factor of 19639347?
True
Does 60 divide 197280?
True
Is 44 a factor of 12493536?
True
Is 10420702 a multiple of 22?
False
Does 27 divide 5452854?
False
Does 34 divide 184960?
True
Does 321 divide 6106383?
True
Does 696 divide 996828?
False
Is 463896 a multiple of 24?
True
Is 27 a factor of 973017?
False
Does 12 divide 3782289?
False
Is 313072 a multiple of 18?
False
Is 679980 a multiple of 27?
False
Is 424 a factor of 30952?
True
Does 178 divide 27502602?
True
Does 44 divide 2295964?
True
Is 474270 a multiple of 30?
True
Does 140 divide 1185940?
True
Is 2921500 a multiple of 5?
True
Is 74 a factor of 42588?
False
Is 3615192 a multiple of 567?
True
Is 5492620 a multiple of 14?
True
Is 12019019 a multiple of 42?
False
Is 31753739 a multiple of 93?
False
Does 557 divide 255870?
False
Does 168 divide 704894?
False
Is 1244908 a multiple of 50?
False
Is 1162558 a multiple of 254?
True
Is 18693 a multiple of 11?
False
Is 118 a factor of 57514?
False
Is 220346 a multiple of 23?
False
Does 30 divide 1407762?
False
Is 314 a factor of 2869151?
False
Does 332 divide 979400?
True
Is 993967 a multiple of 487?
True
Does 15 divide 1108472?
False
Is 20388880 a multiple of 80?
True
Is 75 a factor of 66075?
True
Is 659 a factor of 1686746?
False
Is 593 a factor of 6788071?
True
Is 12979200 a multiple of 64?
True
Is 35 a factor of 140950?
False
Does 7 divide 1119083?
True
Does 67 divide 251585?
True
Does 15 divide 200280?
True
Is 64 a factor of 3266034?
False
Is 12953715 a multiple of 15?
True
Is 1455040 a multiple of 24?
False
Is 4463098 a multiple of 189?
False
Is 133644 a multiple of 258?
True
Is 554399 a multiple of 43?
True
Is 84626 a multiple of 131?
True
Is 26 a factor of 817817?
False
Is 17928 a multiple of 18?
True
Does 43 divide 1032674?
False
Does 17 divide 370438?
False
Does 142 divide 19827?
False
Is 325 a factor of 2167222?
False
Is 70 a factor of 26390?
True
Is 174 a factor of 58290?
True
Is 695 a factor of 670304?
False
Is 4 a factor of 63147?
False
Is 14866200 a multiple of 12?
True
Does 178 divide 467962?
True
Is 24 a factor of 91776?
True
Is 17 a factor of 103960?
False
Is 1291 a factor of 5863494?
False
Is 66 a factor of 654918?
True
Is 152573 a multiple of 66?
False
Is 8 a factor of 4799040?
True
Is 503 a factor of 4707074?
True
Is 2344440 a multiple of 280?
True
Does 14 divide 63869?
False
Is 2790193 a multiple of 119?
True
Is 382993 a multiple of 221?
True
Does 1951 di